 11) to base 5
40203102
Convert 102231201000 (base 4) to base 14.
91978c
Convert 1156411 (base 8) to base 16.
4dd09
What is 20111011211222 (base 3) in base 12?
11a34a5
What is 2134555 (base 8) in base 7?
4600634
506654 (base 8) to base 5
20323330
31ab0 (base 13) to base 12
43b01
83cb8 (base 16) to base 8
2036270
3103113 (base 5) to base 2
1100010011101000
What is 18c37 (base 15) in base 7?
453223
What is 377a3 (base 14) in base 16?
21323
ac9167 (base 14) to base 4
112113230113
-409b1 (base 12) to base 16
-14995
What is 131003124 (base 6) in base 5?
1124114110
243754 (base 15) to base 11
a84061
23800 (base 10) to base 5
1230200
What is -520543010 (base 6) in base 12?
-3021a66
What is b3003 (base 15) in base 5?
121121003
83d58 (base 14) to base 3
121011110200
Convert -10000100010100100 (base 2) to base 13.
-24ab5
What is -7d561 (base 14) in base 12?
-128a69
Convert -153a3 (base 14) to base 11.
-367a1
What is 12670755 (base 8) in base 6?
141005313
-142123325 (base 6) to base 16
-2c4f05
Convert -2a72551 (base 11) to base 12.
-19177aa
What is 1a5048 (base 14) in base 7?
10645121
What is -2548287 (base 10) in base 2?
-1001101110001000111111
28bc7 (base 13) to base 16
12bb0
What is 2861a2 (base 11) in base 3?
211201210012
32c5b7 (base 15) to base 3
11120000020001
-92562 (base 11) to base 14
-37344
What is -b7229 (base 14) in base 9?
-743537
1000111101100000011 (base 2) to base 3
112220210101
What is 2000211211 (base 3) in base 2?
1001110000101110
Convert -71374 (base 9) to base 7.
-253633
What is 3314043 (base 5) in base 7?
326225
What is -1221231322 (base 4) in base 5?
-102324033
Convert -24177 (base 10) to base 9.
-36143
16520a (base 12) to base 13
104c5c
-a6c78 (base 13) to base 14
-7b943
237485 (base 10) to base 9
401682
What is -3022213120 (base 4) in base 7?
-10024366
2221211221210 (base 3) to base 16
17fb6b
2044142 (base 5) to base 3
1202001021
11310323 (base 5) to base 7
611510
What is -13121021321 (base 4) in base 3?
-10122110111022
What is 100120124 (base 5) in base 16?
6071f
-1010100110111011101 (base 2) to base 14
-90977
-110200011211 (base 3) to base 8
-747150
-715daa (base 14) to base 16
-3a4852
Convert 2977b7 (base 12) to base 3.
1022102211111
Convert 1223013310 (base 4) to base 2.
1101011000111110100
-10405634 (base 7) to base 4
-3121332011
What is 20222100010 (base 3) in base 9?
228303
What is 22221221002 (base 3) in base 9?
287832
-17ccd (base 15) to base 7
-440623
Convert bd046a (base 16) to base 7.
210201653
What is -3360661 (base 8) in base 11?
-571561
Convert 1031101120 (base 4) to base 15.
63ba4
210420424 (base 5) to base 15
123b0e
22352134 (base 6) to base 4
2212313122
What is 98171 (base 11) in base 2?
100010110100011000
Convert 101011011100010000110 (base 2) to base 10.
1423494
What is -22000001220020 (base 3) in base 10?
-4252911
What is 2400323212 (base 5) in base 9?
11271784
Convert 427543 (base 10) to base 4.
1220120113
-1579a (base 12) to base 6
-353114
Convert 33013223111 (base 4) to base 5.
2003313410
What is -6010445 (base 7) in base 9?
-1288818
What is -122113012 (base 4) in base 13?
-3a1b9
What is -103167 (base 10) in base 2?
-11001001011111111
-a890b (base 13) to base 5
-34222333
Convert 4245497 (base 10) to base 6.
230555025
What is c85 (base 13) in base 9?
2834
What is 25a78 (base 13) in base 12?
34548
-132405 (base 7) to base 15
-759c
Convert -bd282 (base 15) to base 9.
-1115765
Convert -47303c (base 15) to base 11.
-1a1401a
-1122210122222 (base 3) to base 11
-5525a9
Convert -220130011 (base 4) to base 2.
-101000011100000101
Convert 10233112212 (base 4) to base 2.
100101111010110100110
672253 (base 8) to base 16
374ab
Convert -1080829 (base 10) to base 5.
-234041304
Convert 11411552 (base 7) to base 16.
f6ef6
What is 6d2ea (base 15) in base 8?
1250207
What is 255046 (base 7) in base 12?
234b4
What is 42a13 (base 13) in base 12?
59788
What is 223572 (base 11) in base 2?
1010110111011011101
3704a (base 12) to base 10
74362
Convert -1156774 (base 10) to base 3.
-2011202210111
98a80 (base 14) to base 6
11531520
What is -110011001001111 (base 2) in base 16?
-664f
Convert -30853 (base 15) to base 9.
-253816
Convert 1100111011012 (base 3) to base 13.
1c1b76
8cd38 (base 16) to base 14
1102da
-121118 (base 11) to base 12
-92bb8
Convert 126ab8 (base 12) to base 3.
120100121112
-112201132 (base 4) to base 6
-1551034
4001133120 (base 5) to base 16
7787bf
232b1 (base 13) to base 9
107047
Convert 335830 (base 11) to base 9.
1004456
Convert -79b6a (base 14) to base 6.
-10201414
-70c0d1 (base 14) to base 16
-39f377
11455 (base 15) to base 7
316202
Convert 7bb25 (base 13) to base 10.
225984
212000202021202 (base 3) to base 2
101110101011110001101100
Convert 171520 (base 11) to base 14.
6ca80
22210002211002 (base 3) to base 8
21633055
What is -178a41 (base 12) in base 6?
-12434521
Convert 4645543 (base 9) to base 2.
1001100100111000110111
Convert -9915873 (base 10) to base 4.
-211310313201
What is 323010042 (base 5) in base 9?
2526026
Convert -11001101000101010000011 (base 2) to base 8.
-31505203
What is 22363115 (base 8) in base 5?
2214434320
Convert -251d (base 14) to base 16.
-195f
136474 (base 10) to base 11
93598
Convert -10558f2 (base 16) to base 11.
-97392a6
3700849 (base 10) to base 14
6c49c5
What is -34837 (base 15) in base 13?
-5b168
Convert -42151101 (base 6) to base 12.
-4b2491
-61005201 (base 7) to base 3
-100112010000010
Convert 40831166 (base 9) to base 6.
1540343353
What is -230583 (base 9) in base 16?
-21c15
Convert -110121332331 (base 4) to base 8.
-24317675
What is -17771250 (base 8) in base 4?
-33333022220
Convert 8366 (base 15) to base 11.
19957
1000011000000011110100 (base 2) to base 5
1030230300
1000221222100 (base 3) to base 10
550377
1248076 (base 11) to base 7
24246000
What is 23072073 (base 8) in base 2?
10011000111010000111011
What is -22001020002221 (base 3) in base 9?
-8036087
-354cb (base 15) to base 11
-106671
-155aa99 (base 14) to base 9
-21572321
What is 1610250 (base 7) in base 4?
311331201
What is 2426460 (base 8) in base 2?
10100010110100110000
990446 (base 13) to base 6
205051552
-1ad08e (base 16) to base 8
-6550216
-162614 (base 9) to base 7
-565426
What is 31443412 (base 5) in base 10?
265482
What is -89493 (base 10) in base 15?
-1b7b3
120202231333 (base 4) to base 16
622b7f
Convert -1361122 (base 10) to base 8.
-5142342
-47b10 (base 12) to base 6
-2023220
Convert -111000110110 (base 2) to base 10.
-3638
183a43 (base 12) to base 10
421395
Convert -6b77d1 (base 16) to base 4.
-122313133101
-424222 (base 14) to base 9
-4183042
-9487a (base 13) to base 11
-172901
What is 231201000 (base 4) in base 8?
554100
What is -11022110221 (base 3) in base 16?
-14bb1
Convert b1068 (base 13) to base 15.
63b6e
Convert 643c (base 13) to base 6.
144221
What is -10101000011000011 (base 2) in base 6?
-1503043
-41343 (base 8) to base 9
-25435
Convert 553702 (base 8) to base 7.
1404111
7070654 (base 9) to base 5
1431012144
What is 54410 (base 12) in base 15?
22e20
What is 8682444 (base 9) in base 15?
620ba7
-124541 (base 7) to base 3
-1011220022
1606412 (base 7) to base 15
4561e
a6a80 (base 14) to base 6
12344200
Convert a40218 (base 13) to base 12.
1347011
8a455 (base 14) to base 15
696a2
8e3faa (base 16) to base 12
3156ab6
115871 (base 10) to base 2
11100010010011111
What is 61340152 (base 7) in base 10?
5119018
Convert -24661266 (base 9) to base 13.
-2672385
Convert -5c9b7c (base 15) to base 12.
-159baa6
What is -115512 (base 8) in base 14?
-106b8
Convert 66248 (base 16) to base 11.
266372
What is 1792522 (base 13) in base 5?
3432010201
331524 (base 11) to base 14
dab26
What is -31a5a0 (base 12) in base 15?
-107a6c
Convert 19690a1 (base 11) to base 16.
32ac7c
-3113003023 (base 4) to base 5
-211141333
Convert -12424206 (base 7) to base 9.
-2115253
-1010000010000010010011 (base 2) to base 5
-1133123104
3dbc1a (base 14) to base 16
20bca0
-130010220 (base 4) to base 7
-656142
What is -3001321021 (base 4) in base 14?
-1695d7
What is -110101010010110 (base 2) in base 16?
-6a96
Convert d856b8 (base 14) to base 7.
116111621
-2222011011101 (base 3) to base 7
-16260430
What is 10001111000111000011111 (base 2) in base 11?
2713277
1210010020210 (base 3) to base 7
11023245
Convert -108458 (base 10) to base 11.
-74539